nder when 147066 is divided by 770?
766
What is the remainder when 18612 is divided by 133?
125
Calculate the remainder when 62074 is divided by 388.
382
What is the remainder when 3750 is divided by 289?
282
Calculate the remainder when 46453 is divided by 178.
173
What is the remainder when 21487 is divided by 377?
375
What is the remainder when 6523 is divided by 327?
310
Calculate the remainder when 543932 is divided by 241.
236
What is the remainder when 4510559 is divided by 547?
544
Calculate the remainder when 50256 is divided by 98.
80
Calculate the remainder when 22662 is divided by 71.
13
What is the remainder when 6385 is divided by 2854?
677
What is the remainder when 14958 is divided by 168?
6
Calculate the remainder when 15805 is divided by 85.
80
Calculate the remainder when 1680 is divided by 266.
84
Calculate the remainder when 654 is divided by 520.
134
What is the remainder when 2218 is divided by 550?
18
What is the remainder when 44636 is divided by 14847?
95
What is the remainder when 35485 is divided by 358?
43
Calculate the remainder when 9599 is divided by 9571.
28
Calculate the remainder when 257177 is divided by 16.
9
What is the remainder when 7273 is divided by 69?
28
Calculate the remainder when 4415 is divided by 1094.
39
What is the remainder when 88417 is divided by 88397?
20
Calculate the remainder when 170931 is divided by 26.
7
Calculate the remainder when 4662 is divided by 64.
54
Calculate the remainder when 6557 is divided by 32.
29
What is the remainder when 77919 is divided by 67?
65
Calculate the remainder when 9192 is divided by 24.
0
Calculate the remainder when 6365 is divided by 3141.
83
Calculate the remainder when 14949 is divided by 123.
66
Calculate the remainder when 1864 is divided by 475.
439
Calculate the remainder when 8425 is divided by 1202.
11
Calculate the remainder when 22975 is divided by 274.
233
What is the remainder when 840311 is divided by 99?
98
Calculate the remainder when 21896 is divided by 2555.
1456
Calculate the remainder when 1535 is divided by 378.
23
Calculate the remainder when 27561 is divided by 70.
51
Calculate the remainder when 2969 is divided by 369.
17
Calculate the remainder when 105821 is divided by 425.
421
What is the remainder when 5036718 is divided by 16?
14
What is the remainder when 23138 is divided by 4586?
208
What is the remainder when 61165 is divided by 97?
55
What is the remainder when 261821 is divided by 2146?
9
What is the remainder when 21450 is divided by 1434?
1374
Calculate the remainder when 387973 is divided by 25.
23
What is the remainder when 92900 is divided by 1368?
1244
Calculate the remainder when 35761 is divided by 10.
1
What is the remainder when 12395 is divided by 125?
20
What is the remainder when 13429 is divided by 121?
119
Calculate the remainder when 33684 is divided by 20.
4
Calculate the remainder when 15650 is divided by 43.
41
What is the remainder when 43228 is divided by 36?
28
What is the remainder when 695 is divided by 694?
1
Calculate the remainder when 7281 is divided by 754.
495
Calculate the remainder when 152239 is divided by 295.
19
Calculate the remainder when 10724 is divided by 26.
12
What is the remainder when 1217374 is divided by 72?
70
Calculate the remainder when 10013 is divided by 60.
53
What is the remainder when 36150 is divided by 189?
51
What is the remainder when 4614 is divided by 932?
886
Calculate the remainder when 45118 is divided by 386.
342
What is the remainder when 20669 is divided by 1289?
45
What is the remainder when 2164 is divided by 419?
69
What is the remainder when 1390 is divided by 39?
25
What is the remainder when 24169 is divided by 2014?
1
What is the remainder when 2692 is divided by 2686?
6
What is the remainder when 42039 is divided by 7?
4
Calculate the remainder when 6351 is divided by 176.
15
Calculate the remainder when 25733 is divided by 82.
67
Calculate the remainder when 2956 is divided by 105.
16
Calculate the remainder when 75275 is divided by 332.
243
What is the remainder when 1532 is divided by 415?
287
What is the remainder when 3814 is divided by 65?
44
What is the remainder when 2098 is divided by 105?
103
What is the remainder when 5997 is divided by 38?
31
Calculate the remainder when 77773 is divided by 305.
303
What is the remainder when 19718 is divided by 623?
405
Calculate the remainder when 22863 is divided by 10.
3
What is the remainder when 17425 is divided by 111?
109
Calculate the remainder when 25767 is divided by 15.
12
What is the remainder when 11072 is divided by 253?
193
Calculate the remainder when 1660369 is divided by 23.
22
Calculate the remainder when 18560 is divided by 18560.
0
Calculate the remainder when 56794 is divided by 257.
254
Calculate the remainder when 19627 is divided by 133.
76
Calculate the remainder when 14309 is divided by 70.
29
Calculate the remainder when 1195 is divided by 1041.
154
What is the remainder when 30877 is divided by 16?
13
What is the remainder when 32764 is divided by 26?
4
What is the remainder when 140411 is divided by 437?
134
Calculate the remainder when 63790 is divided by 31889.
12
Calculate the remainder when 533897 is divided by 139.
137
What is the remainder when 4270 is divided by 4229?
41
Calculate the remainder when 181782 is divided by 12117.
27
What is the remainder when 315233 is divided by 157611?
11
What is the remainder when 3973 is divided by 1295?
88
Calculate the remainder when 27552 is divided by 919.
901
What is the remainder when 8840 is divided by 25?
15
What is the remainder when 296 is divided by 85?
41
What is the remainder when 87420 is divided by 4370?
20
What is the remainder when 1492136 is divided by 130?
126
Calculate the remainder when 4357 is divided by 1981.
395
Calculate the remainder when 9340 is divided by 137.
24
Calculate the remainder when 124810 is divided by 251.
63
Calculate the remainder when 4853984 is divided by 109.
105
Calculate the remainder when 27927 is divided by 133.
130
What is the remainder when 832 is divided by 411?
10
What is the remainder when 2044 is divided by 872?
300
What is the remainder when 69886 is divided by 2910?
46
What is the remainder when 574540 is divided by 71?
8
Calculate the remainder when 398 is divided by 391.
7
Calculate the remainder when 161707 is divided by 16.
11
What is the remainder when 2197390 is divided by 8?
6
Calculate the remainder when 3096 is divided by 239.
228
Calculate the remainder when 24493 is divided by 2449.
3
What is the remainder when 16919575 is divided by 314?
313
What is the remainder when 1911117 is divided by 30?
27
What is the remainder when 4883 is divided by 265?
113
Calculate the remainder when 7483 is divided by 31.
12
What is the remainder when 840971 is divided by 1608?
1595
Calculate the remainder when 1333 is divided by 153.
109
What is the remainder when 1471237 is divided by 1361?
1357
Calculate the remainder when 314866 is divided by 28621.
35
Calculate the remainder when 58609 is divided by 25.
9
Calculate the remainder when 21405 is divided by 510.
495
What is the remainder when 8860 is divided by 819?
670
What is the remainder when 10894 is divided by 1740?
454
What is the remainder when 749492 is divided by 171?
170
What is the remainder when 26473 is divided by 29?
25
Calculate the remainder when 121091 is divided by 40351.
38
Calculate the remainder when 4056 is divided by 702.
546
What is the remainder when 2179355 is divided by 53?
48
Calculate the remainder when 950 is divided by 121.
103
What is the remainder when 16004 is divided by 431?
57
Calculate the remainder when 2141 is divided by 11.
7
What is the remainder when 213 is divided by 194?
19
Calculate the remainder when 22346 is divided by 38.
2
What is the remainder when 3362 is divided by 241?
229
What is the remainder when 100245 is divided by 32?
21
What is the remainder when 40942 is divided by 59?
55
Calculate the remainder when 1838 is divided by 204.
2
What is the remainder when 9242 is divided by 541?
45
Calculate the remainder when 19506 is divided by 238.
228
Calculate the remainder when 37071 is divided by 25.
21
Calculate the remainder when 532 is divided by 131.
8
What is the remainder wh